is the value of (-12 - -38) + 35 + 19 + -27?
53
4 - (-2 + 2) - (22 - 14)
-4
Calculate -36 + -1 - (35 + (46 - 76)).
-42
What is -67 + -59 - (-37 + (24 - 12))?
-101
What is the value of -24 - (-12 + -4) - (37 - 3)?
-42
Evaluate (-24 + -10 - -15) + 34 - 17 - -58.
56
(9 - (-28 + 12)) + -42
-17
Evaluate (-5 - 2) + (-43 - (-19 + -35)) - 22.
-18
Calculate 7 + 6 - (-13 - 13).
39
Evaluate -43 + 0 + 0 + (23 - (23 + (-12 - -4))).
-35
What is (8 + -2 - 12) + (2 - -40) + 10?
46
What is the value of 0 + -115 + (-555 - -586) + (0 - 13)?
-97
What is (-27 - -31) + 15 + (34 - -5) + 7?
65
(-26 - -26) + (-5 - -1) + (-14 - -22)
4
Calculate (-42 - -71 - -6) + -28.
7
-34 - -1 - (104 + -123)
-14
What is -9 + -9 + 13 - (-2 + (-38 - -12))?
23
What is the value of (133 - -92) + -106 + -104?
15
Calculate -4 - (((1 - 2) + 6 - 18) + 4 + 8).
-3
Calculate -24 - 0 - ((52 - 61) + -51).
36
15 + (33 - 3 - 60) - -71
56
18 + (-6 - (-8 - -3) - (7 - 4))
14
What is 0 + -30 - (124 - 129) - 15?
-40
Calculate (-1 - -1) + (-72 - -163) + -111.
-20
6 + (-3 - 0) + 3 + -4 - (-449 + 385)
66
What is 87 - -1 - (1627 + -1650)?
111
1 + (3 - 13 - -4 - (-130 + 125))
0
(8 - 38) + 102 + 5 + 15
92
-67 + (28 - -52) + -16 + 1
-2
Evaluate 22 + -19 - (15 + -14 + 3) - -4.
3
Calculate -20 - ((37 - (51 + -25)) + 20).
-51
216 + -129 + -47 + (-18 - (3 + -2))
21
What is (15 - (0 + 0 + 10 - 1)) + -4 + 32?
34
Evaluate (-57 - (-87 - -35)) + (93 - 11).
77
(-6 - 4) + -48 - (69 + -90)
-37
Evaluate (-63 - (37 - 46)) + -7.
-61
What is 29 - -7 - 4 - (32 + (2 - 21))?
19
Evaluate (-4 - 30 - -24) + 15.
5
What is -1 - (-4 + 0) - 13 - (15 + -81 + -11)?
67
What is 14 + -50 + 25 - (5 + -88 + (-6 - -3))?
75
Evaluate 71 + -87 - (-5 + 0 + -14 + 7) - -74.
70
What is the value of (88 + -33 - 13) + -132 - -43?
-47
Evaluate -8 + 52 + (-12 - -29 - 30).
31
What is (5 - (-17 - (3 + -39))) + (4 - -117)?
107
801 + -878 + (14 - (2 - 3) - (-3 + 3))
-62
Calculate 63 + -169 + (41 - -28).
-37
What is the value of 330 + 193 + -513 - (0 + 0 + 100)?
-90
Calculate 190 - 153 - -1 - (2 + 136).
-100
588 + -451 - (96 + 19)
22
What is the value of 10 - ((50 + -28 - 31) + 11 - (-59 + 0))?
-51
Calculate 66 - (-1 + (-120 - -172)).
15
What is -18 - -11 - -52 - 61?
-16
Calculate 1 + (-2 + -10 - (-2 + -1)) + (-6 - -9).
-5
Evaluate 79 + -79 + 40 + -3.
37
Evaluate -48 - (-13 + (3 - (-3 + 3)) - 2).
-36
Calculate (-32 - (-135 - -44)) + -21.
38
32 + (-121 - (-34 - -16))
-71
Evaluate 69 + 5 + 3 - 39.
38
Evaluate -35 - -66 - (-8 - (-45 + 5)).
-1
Evaluate (1 - 62) + -4 + (23 - (-13 - -18 - -11)).
-58
Evaluate 18 - (-22 + 31) - (34 + 6).
-31
Calculate 12 - (21 + (0 - -12)) - 39.
-60
What is (-3295 - -3339) + (-17 - (0 + -1))?
28
Evaluate -9 + (61 - -1) + 9 + 8 + -6 - 10.
54
Evaluate -48 + 23 + -20 - -8.
-37
Calculate 5 + 46 + -21 + -29.
1
What is (90 + -44 - 12) + (6 - (1 - 4))?
43
46 - ((-27 - -4) + 3 + (-6 - (-25 - -10)))
57
Calculate 6 + 45 + 23 + -65.
9
What is (-54 - -36) + (-2 - -3) + -84?
-101
Evaluate -29 + 48 + -74 + 51 + (107 - 0).
103
What is 0 + -18 + (-15 - 30 - -9)?
-54
What is the value of -16 + 6 + (68 - -1 - (-37 + 29))?
67
What is the value of -75 - ((0 - -7) + -34 + 14 + -4)?
-58
Evaluate 52 + (13 - ((-3 - (0 + -11 + 12)) + 9)).
60
Evaluate -9 + -2 + 37 + -33 - (1 + 2 - -13).
-23
What is -238 + (67 - -62) + -7?
-116
What is the value of 0 + 138 + (-2389 - -2372) - -15?
136
Calculate (-27 + 15 + 21 - 64) + (-4 - 0).
-59
Calculate -17 - (6 + (-9 - 1) - -7) - (15 - 24).
-11
Evaluate -118 - ((2 - (-6 - (-3 - -9 - 12))) + -10).
-110
Calculate (-8 - -92) + -6 + -6 - (-4 - 14).
90
-12 + -2 - (53 - 79) - (1 + 63)
-52
29 + 1 + -1 + 43 + (-45 - 9)
18
What is the value of -30 + (53 - 42 - 62)?
-81
(50 - 12) + -263 + 233 + (1 - (8 - 0))
1
What is the value of 41 - (421 + -388 + -17 + 0)?
25
What is the value of 59 - (38 - -24 - 52)?
49
What is the value of 2 + 130 - (79 + -10)?
63
0 + -5 + 7 + 1 + (15 - (11 + 0))
7
What is 5 - 18 - (125 - 134)?
-4
What is 36 + -31 - (-8 + (-2 - (9 + -14)))?
10
What is the value of -3 + -8 - -3 - (16 - (-35 + 45))?
-14
-31 + -19 + -67 + 148
31
-948 + 898 + 0 + 104
54
What is 38 - (57 - 48 - (-4 + -8))?
17
What is 14 - ((5 - 4) + (-69 - -75) - -83)?
-76
What is -58 + 14 + (10 - (5 + 10) - (3 - 1))?
-51
What is 17 + -10 + -4 + (17 - -76) - 6?
90
Evaluate (84 - 0) + (-15 - (-16 + 20 + -10 + -10)).
85
What is the value of -19 + (-27 - -29) - (-8 + -21)?
12
(-5 - (-20 - (-29 - -5 - -14)) - 40) + 1
-34
Evaluate 23 - (86 + -76 + -31 + -2).
46
-7 + (-12 - 61) - (10 - (15 - 26))
-101
Calculate 99 + -83 - (-10 - (-8 + -6 + -9)).
3
What is 7 - -23 - (592 - 566)?
4
-4 - -15 - (-2 + 20 + -6)
-1
(14 - (4 + 2)) + 84 + (-299 - -320)
113
Evaluate 15 - (-15 + 29) - (-14 - -8).
7
(-1 - (35 - 10)) + (0 - -9) + -5
-22
Calculate (23 + -103 - -39) + 31 - -82.
72
(-19 + 8 - (3 + -1)) + 17
4
What is -16 - (17 + 15 + (3 - 18) + 67)?
-100
What is the value of -18 - ((-81 + -19 - 8) + -1) - -16?
107
Evaluate 108 - (-1 + 15 + (191 - 114) + -89).
106
What is 7 - -6 - 3 - (-3 + (2 - -13))?
-2
(-33 - 1 - (488 - 501)) + 4
-17
-18 - -14 - (12 + 37 + 18 + 0)
-71
59 + 10 - (1 - -52)
16
Calculate 77 - ((-5 - -27 - 32) + -21 + 7).
101
What is the value of (-5 - 31) + (-25 + 33 - (-2 + 17) - -18)?
-25
Evaluate -2 - (-7 - 8) - (35 - 29).
7
What is the value of -12 + 22 + 6 + -7 + 2?
11
Evaluate (3358 - 3370) + (5 - 1) + -2 + 0.
-10
Calculate 18 + 0 + (11 + -2 - (45 - (22 - -5))).
9
What is the value of -3 + -10 + -1 + 3 - ((42 - 84) + -22)?
53
83 + -120 + 127 - 55
35
Calculate 1 - -28 - ((34 - 172) + 222).
-55
55 + -41 + -93 + 28
-51
Evaluate -1 - (2 - 9) - (37 - 21) - (14 + -22).
-2
What is 4 + (-3 - 3 - 9) + (-18 + -1 - -19)?
-11
What is the value of -287 - -164 - (52 - 133)?
-42
What is (-1 - (-4 + -10) - 19) + (2 - -23)?
19
Calculate (-104 - -12) + -17 - (2 + 3 + -18).
-96
What is the value of 24 - 11 - -40 - 20?
33
25 - (-26 - (-5 + -20 - -86))
112
Evaluate (-4 + -4 + 38 + -28 - (-8 + 9)) + 84.
85
What is the value of 2 - (-10 - -4) - (28 - 3)?
-17
What is 84 - (-60 + 100) - (0 - (14 + -3 + -2))?
53
What is 3 + -14 + 11 + 41 - (-18 - (-43 + 20))?
36
What is the value of -31 + 45 - ((-47 - -51) + (-132 - -1))?
141
(70 - 57) + -57 - 50
-94
What is -6 + (71 - 41) + 4?
28
Evaluate 78 - ((-1 - 2 - (-144 + 146)) + (2 - -2)).
79
Calculate -73 - (32 - 21 - 25) - (-2 - -7).
-64
What is the value of -1 + (1 - 13) + (-457 - -459) + 2 - -65?
56
Evaluate 15 - (7 + ((-32 - 7) + 43 - (0 + 13))).
17
-364 + 382 - (2 - 10)
26
Evaluate (-47 - -53) + (88 - 4 - (10 - 4)).
84
What is (82 - 8) + 295 + -292?
77
What is 38 - (-23 + 24 + 11)?
26
What is the value of 25 + -49 + 36 - (-2 - -30)?
-16
Evaluate -23 + -9 - (-86 + (18 - 34)).
70
Evaluate -24 + (15 - (17 - 14)) + 11 + -1.
-2
Evaluate (5 - (-1 + 13 + 42 + 5)) + 2.
-52
What is 6 - (50 - (-45 + 69))?
-20
What is (-40 + 41 - 52) + 93?
42
What is -90 + -22 + 13 + 47?
-52
What is 2 + -4 + 3 + (-76 - -41) + -6?
-40
What is -3 + 24 - (53 - 94)?
62
Calculate (-13 - 5) + (60 - 54) - (-20 - 6).
14
What is ((0 - (8 - 5)) + -1 - 67) + (217 - 217)?
-71
What is 57 + -49 - (0 - (-7 + -9))?
-8
Calculate 47 - 37 - 18 - -82.
74
What is the value of (50 - 93 - 35) + (0 - -8)?
-70
What is the value of 1 + -3 - ((12 - 19) + -40) - 4?
41
Evaluate -460 + 358 + (-18 - -46).
-74
3 + -60 + (801 - 738)
6
37 + (12 - 33) + -52
-36
What is the value of (0 - -1) + (-4 + 65 + -40 - (0 - -16))?
6
What is the value of -104 - (-40 - (-88 - -174))?
22
What is the value of -26 - (-10 - (10 - 24 - -11))?
-19
What is (-95 - -4) + 88 + -31?
-34
Evaluate (-5 - 33) + (21 - 41) + 33 + 0 + -3.
-28
Calculate 35 + -43 - 8 - -12.
-4
What is 134 + -121 + -50 + -45?
-82
What is the value of -11 - (9 - 10) - (-11 - -12 - 33)?
22
What is (-8 - (-3 + 6)) + (-5 + 6 + -10 - -16)?
-4
Evaluate 61 + 7 + -66 + -17.
-15
Calculate (-37 - -11) + 12 + -1 + 12 + -21.
-24
Evaluate (-13 - (42 - (-41 - -100))) + (1 - 1 - -60).
64
Calculate -73 + 21 - -16 - (3 - 0 - 5 - -11).
-45
What is the value of -101 + 88 + (63 - 2) + -14 + 16?
50
9 + 49 + -183 + -1 + (6 - -2) + 1
-117
Evaluate 102 + -65 + -21 + 1 + 8.
25
-52 - -4 - (901 + -895)
-54
Calculate (13 - -37) + (-25 - -2) + -14.
13
-13 + -27 + 9 + (3 - (-6 - -4))
-26
What is -46 + (12 - (-7 + 16)) + 17?
-26
Calculate (-36 - -3) + -10 - -32.
